a factor of 176134?
False
Is 484880 a multiple of 152?
True
Is 12148117 a multiple of 23?
True
Does 271 divide 4353344?
True
Is 110967 a multiple of 47?
True
Does 31 divide 566804?
True
Does 11 divide 647812?
True
Does 13 divide 14560?
True
Is 8 a factor of 316178?
False
Does 17 divide 7059743?
True
Is 3142 a factor of 27413950?
True
Is 6756 a multiple of 563?
True
Is 933 a factor of 3431574?
True
Is 794 a factor of 8926942?
True
Is 264 a factor of 1151040?
True
Is 16 a factor of 129232?
True
Is 7 a factor of 67130?
True
Is 16 a factor of 152752?
True
Is 450741 a multiple of 11?
False
Is 4668840 a multiple of 216?
True
Does 85 divide 46765?
False
Does 3 divide 737181?
True
Is 61 a factor of 2436035?
True
Is 6 a factor of 662357?
False
Is 74 a factor of 97232?
False
Is 189112 a multiple of 88?
True
Is 14 a factor of 64424?
False
Is 378455 a multiple of 509?
False
Is 2161440 a multiple of 152?
True
Is 200373 a multiple of 504?
False
Does 225 divide 5517135?
False
Does 62 divide 82663?
False
Is 742727 a multiple of 8?
False
Is 113328 a multiple of 12?
True
Is 15419565 a multiple of 1323?
True
Is 912586 a multiple of 342?
False
Is 8067 a multiple of 39?
False
Is 111434 a multiple of 75?
False
Does 66 divide 927012?
False
Does 58 divide 104632?
True
Is 9766856 a multiple of 88?
True
Is 9 a factor of 130436?
False
Is 9 a factor of 5610499?
False
Does 329 divide 1166950?
False
Does 219 divide 2484250?
False
Is 2522107 a multiple of 60?
False
Is 25 a factor of 544097?
False
Does 9 divide 751971?
False
Is 2341840 a multiple of 20?
True
Is 6190533 a multiple of 237?
False
Is 188 a factor of 2861360?
True
Is 6524208 a multiple of 12?
True
Does 728 divide 941465?
False
Is 17 a factor of 1893630?
True
Is 11977470 a multiple of 10?
True
Is 4 a factor of 14308?
True
Does 12 divide 2149755?
False
Does 990 divide 3841156?
False
Is 177950 a multiple of 18?
False
Does 139 divide 4563593?
False
Is 35 a factor of 82845?
True
Does 33 divide 6747992?
False
Does 885 divide 1567447?
False
Is 218484 a multiple of 476?
True
Is 131904 a multiple of 192?
True
Is 197 a factor of 23246?
True
Is 399038 a multiple of 3?
False
Does 19 divide 2727507?
True
Is 46 a factor of 204378?
True
Is 964104 a multiple of 102?
True
Is 219798 a multiple of 59?
False
Is 8339284 a multiple of 194?
True
Is 436513 a multiple of 77?
True
Is 1241856 a multiple of 22?
True
Does 5 divide 188080?
True
Is 116592 a multiple of 28?
True
Does 137 divide 263744?
False
Is 18 a factor of 113580?
True
Is 6 a factor of 95920?
False
Is 188438 even?
True
Is 1218635 a multiple of 602?
False
Does 7 divide 541859?
False
Is 352 a factor of 1421024?
True
Is 279326 a multiple of 12?
False
Is 237 a factor of 693462?
True
Does 19 divide 3583044?
False
Is 145 a factor of 859169?
False
Does 204 divide 1209966?
False
Is 11 a factor of 97658?
True
Is 234216 a multiple of 36?
True
Is 3597240 a multiple of 310?
True
Is 14 a factor of 1431540?
False
Does 9 divide 320994?
True
Is 97230 a multiple of 6?
True
Is 253396 a multiple of 4?
True
Does 197 divide 141631?
False
Is 91994 a multiple of 380?
False
Does 7 divide 197386?
True
Does 18 divide 1493604?
True
Does 8 divide 146792?
True
Is 116 a factor of 849004?
True
Does 528 divide 356482?
False
Is 208236 a multiple of 42?
True
Is 208 a factor of 5016752?
True
Does 449 divide 13768585?
True
Does 45 divide 990556?
False
Does 2 divide 10995?
False
Is 8823544 a multiple of 8?
True
Is 308783 a multiple of 55?
False
Is 33 a factor of 112088?
False
Is 3075306 a multiple of 32?
False
Does 643 divide 2002302?
True
Does 49 divide 662676?
True
Does 107 divide 11589705?
True
Does 28 divide 1513731?
False
Does 189 divide 171925?
False
Is 46531 a multiple of 8?
False
Is 331008 a multiple of 24?
True
Is 119 a factor of 1119728?
False
Does 19 divide 1231019?
False
Does 9 divide 6183?
True
Is 145055 a multiple of 5?
True
Is 55 a factor of 148251?
False
Does 23 divide 228114?
True
Does 277 divide 1512143?
True
Does 13 divide 8172531?
False
Is 40202 a multiple of 5?
False
Is 660 a factor of 421080?
True
Does 50 divide 4899350?
True
Does 486 divide 558900?
True
Is 476655 a multiple of 47?
False
Does 14 divide 338422?
True
Does 6 divide 420229?
False
Does 76 divide 125096?
True
Is 254124 a multiple of 9?
True
Is 65856 a multiple of 49?
True
Is 216 a factor of 265265?
False
Is 12 a factor of 40896?
True
Is 130520 a multiple of 8?
True
Is 8 a factor of 8094407?
False
Is 174759 a multiple of 121?
False
Is 14 a factor of 93219?
False
Is 166455 a multiple of 184?
False
Does 31 divide 280723?
False
Is 1116668 a multiple of 19?
True
Is 73 a factor of 27158?
False
Is 72240 a multiple of 80?
True
Is 4 a factor of 1016?
True
Is 256695 a multiple of 413?
False
Does 312 divide 102648?
True
Is 543264 a multiple of 14?
False
Is 19 a factor of 2565494?
True
Is 216904 a multiple of 40?
False
Is 2315732 a multiple of 8?
False
Does 7 divide 58839?
False
Is 952568 a multiple of 25?
False
Does 11 divide 758989?
True
Is 177469 a multiple of 10?
False
Does 15 divide 1420050?
True
Does 2 divide 25784?
True
Does 49 divide 732256?
True
Is 35624 a multiple of 122?
True
Is 124 a factor of 1244092?
True
Is 93 a factor of 860250?
True
Does 216 divide 147502?
False
Is 291 a factor of 48015?
True
Does 60 divide 263700?
True
Is 341 a factor of 633078?
False
Is 22207538 a multiple of 71?
False
Is 337403 a multiple of 407?
True
Does 7 divide 101465?
True
Is 11151359 a multiple of 71?
False
Is 21038711 a multiple of 17?
False
Does 84 divide 60185?
False
Is 8134 a multiple of 49?
True
Is 44 a factor of 44267?
False
Does 114 divide 76621?
False
Is 23 a factor of 831482?
False
Is 24309285 a multiple of 143?
True
Does 141 divide 3263727?
True
Is 297 a factor of 230579?
False
Is 135 a factor of 482724?
False
Does 9 divide 80608?
False
Is 16 a factor of 158758?
False
Is 571 a factor of 2054137?
False
Is 759240 a multiple of 108?
True
Does 15 divide 13116070?
False
Is 105062 a multiple of 4?
False
Is 634325 a multiple of 6?
False
Is 9 a factor of 306117?
True
Is 7 a factor of 103286?
False
Is 278530 a multiple of 70?
True
Is 1959732 a multiple of 85?
False
Is 22324 a multiple of 4?
True
Is 415 a factor of 1096934?
False
Is 61 a factor of 732477?
False
Is 39053 even?
False
Is 15179136 a multiple of 448?
True
Is 3828880 a multiple of 588?
False
Is 17244563 a multiple of 679?
True
Is 3917214 a multiple of 156?
False
Does 3 divide 5429?
False
Is 322 a factor of 280586?
False
Is 17 a factor of 44281?
False
Does 278 divide 4441884?
True
Does 5 divide 5080152?
False
Is 1579236 a multiple of 143?
False
Is 24772 a multiple of 44?
True
Is 43 a factor of 2049294?
True
Is 29 a factor of 10283110?
True
Does 15 divide 654870?
True
Does 6 divide 1084614?
True
Is 18690 a multiple of 13?
False
Is 17260 a multiple of 10?
True
Is 3061936 a multiple of 232?
True
Does 283 divide 1368871?
True
Does 74 divide 145410?
True
Does 26 divide 70928?
True
Is 861615 a multiple of 15?
True
Is 57535 a multiple of 185?
True
Does 150 divide 120900?
True
Is 57 a factor of 13737?
True
Does 5 divide 11392?
False
Is 152 a factor of 178448?
True
Is 237176 a multiple of 184?
True
Is 112 a factor of 1037232?
True
Is 85 a factor of 263330?
True
Is 9 a factor of 126960?
False
Is 86790 a multiple of 66?
True
Is 252354 a multiple of 137?
True
Does 28 divide 118565?
False
Is 3191980 a multiple of 102?
False
Is 144 a factor of 3023065?
False
Is 14 a factor of 8276?
False
Is 483 a factor of 1879836?
True
Does 22 divide 314050?
True
Does 18 divide 88506?
True
Is 14 a factor of 213710?
True
Is 393 a factor of 220473?
True
Is 203 a factor of 375430?
False
Is 11 a factor of 2673432?
False
Is 188 a factor of 650668?
True
Does 58 divide 3118294?
False
Is 22 a factor of 2645283?
False
Is 457680 a multiple of 40?
True
Is 78900 a multiple of 60?
True
Is 1638554 a multiple of 228?
False
Is 3 a factor of 701493?
True
Is 369200 even?
True
Does 330 divide 7517070?
True
Does 63 divide 90783?
True
Is 97992 a multiple of 12?
True
Is 793614 a multiple of 29?
True
Is 2837165 a multiple of 3?
False
Is 523960 a multiple of 857?
False
Does 40 divide 165482?
False
Is 10 a factor of 42783485?
False
Is 75 a factor of 79275?
True
Is 8391624 a multiple of 951?
True
Is 80 a factor of 770339?
False
Does 14 di